5. What is the remainder when 29 is divided by g?
5
Suppose 0 = -o - g + 17, -3*o - 5*g + 8 + 41 = 0. Let q(i) = 18*i - 2. Calculate the remainder when q(2) is divided by o.
16
Let s = -31 + 36. Calculate the remainder when 19 is divided by s.
4
Suppose -4*r + 31 + 29 = 0. Let h = 6 + r. Calculate the remainder when 81 is divided by h.
18
Let j(n) = 23*n - 42. Calculate the remainder when j(5) is divided by 39.
34
Suppose -5 = 5*b, -3*u = -b + 19 - 71. What is the remainder when u is divided by 2*1/5 + (-960)/(-100)?
7
Let g(n) = -53*n - 1. Let d be g(1). Calculate the remainder when 46 is divided by (d/(-21))/(6/28).
10
Suppose -5*q = 25, -3*q + 6*q = -2*c - 19. Calculate the remainder when 13 + 2*(c + 1) is divided by 4.
3
Let s = -99 + 178. What is the remainder when s is divided by 28?
23
Let v be (-1)/2 - 279/(-6). Suppose 0 = f - 3*f + v. Calculate the remainder when 43 is divided by f.
20
Let r = -5 + 5. What is the remainder when -29*(1 - (2 - r)) is divided by 8?
5
Let v(r) = r**3 + r + 10. Let o(l) = l**3 - 2*l**2. Let u be o(2). What is the remainder when 19 is divided by v(u)?
9
Suppose 4*i + 8 = 0, -w - 2 + 16 = -5*i. Suppose w*j - 165 = -6*m + m, 0 = j - m - 30. Suppose -7*y + 2*y = -60. What is the remainder when j is divided by y?
11
Let c = -12 + 17. Suppose -3*w - 6 = 3*n, 0*w = -c*n + w + 2. Let q = 11 - n. What is the remainder when 41 is divided by q?
8
Let k = 7 + -15. Let q(s) = -s**2 - 8*s - 1. Let z be q(k). Calculate the remainder when 15 is divided by 5*(z + 26/10).
7
Suppose -5*h + 2*h = -21. Suppose 4*i + 5*j = 28, i - 4*j - 76 = -4*i. What is the remainder when i is divided by h?
5
Suppose -3*p = -q - 9, p + 4 = 4*q - 4. Suppose -3*o - 25 = -w + o, w - q*o = 21. Calculate the remainder when 16 is divided by w.
7
Let o(r) = -2*r + 75. Calculate the remainder when 71 is divided by o(22).
9
Let c = -5 + 4. Let b be (-12)/(1 - 3) - c. Let n = b - 1. Calculate the remainder when 10 is divided by n.
4
What is the remainder when 43 is divided by (-15)/(-3) - -4*(-4)/(-8)?
1
Suppose 375 = 9*n - 4*n. Suppose u = 5*s - 27, 0*u = 4*u + 8. Suppose 0*l + s*l - n = 0. Calculate the remainder when 29 is divided by l.
14
Suppose 0 = -0*n - n + 5. What is the remainder when n is divided by 2?
1
Let r(j) = -j**2 - 1. Let v be r(5). Let m = -7 - v. What is the remainder when m is divided by 7?
5
Calculate the remainder when (-15)/2*((-92)/12 + 1) is divided by 26.
24
Let k be ((-4)/(-6))/(18/189). Suppose 0 = h - k - 41. What is the remainder when h is divided by 10?
8
Let o(x) = x**2 - x - 1. Suppose -c = 4*c - 100. What is the remainder when c is divided by o(-3)?
9
Let d = -258 - -272. Calculate the remainder when 6/4*78/3 is divided by d.
11
Suppose -3*w + 0*w = 3*s + 33, -3*w - 35 = 4*s. Let k = 16 - w. What is the remainder when 98 is divided by k?
23
Let n be -6*(2/3 - 1). What is the remainder when (-1)/(-3) + n/3 is divided by 1?
0
Let k(b) = -b**2 + b + 5. Let u be k(0). Suppose 24 = u*x - 4*g, g + 1 = 2*x - 11. Suppose 60 = 6*a - 2*a. What is the remainder when a is divided by x?
7
Suppose -9 + 55 = 2*s. What is the remainder when 91 is divided by s?
22
Suppose -5*j = -3*i - 3 - 6, 5*j - 4*i = 12. Let v = 5 + j. What is the remainder when v is divided by 4?
1
Suppose -k + 15 = 4*k. What is the remainder when 12 is divided by k?
0
Let p(d) = d - 6. Let y be p(6). Suppose b + 3*b = y. Suppose b = -3*v - 13 + 127. What is the remainder when v is divided by 13?
12
Suppose 4*c - 22 = 2*c + a, 4*a = 3*c - 28. Let u = 20 - c. Calculate the remainder when 29 is divided by u.
5
Let i(o) = -o**3 - 9*o**2 - 2*o - 10. What is the remainder when i(-9) is divided by 1/(-3)*(-6 - 9)?
3
Suppose -8*j + 22 = -6*j. What is the remainder when 52 is divided by j?
8
Suppose -5*s + 25 = 0, 150 = -2*y + 7*y + 3*s. Calculate the remainder when 105 is divided by y.
24
Let t(v) = v**3 + 4*v**2 - 7*v - 6. Let f be t(-5). Suppose 3*q = -2*g + 21, 4*g - 61 = f*q + 11. Calculate the remainder when g is divided by 8.
7
Let c = 6 + -10. Let q(y) = y**3 + 4*y**2 - 3*y - 4. Calculate the remainder when 14 is divided by q(c).
6
Let a be -1*(-1 - 5 - -4). Suppose -44 = -5*r + s + 2*s, a*r + 4*s = 28. Calculate the remainder when 38 is divided by r.
8
Suppose 3*i - i - 2 = 0. What is the remainder when 16 is divided by i - (-1)/(-2)*-10?
4
Suppose 74 + 49 = 3*f. Calculate the remainder when 81 is divided by f.
40
Let z(n) = n**2 - 2*n + 2. Let v be z(2). Let p = 0 + v. Suppose 5*i + 4*k - 13 = 0, 4*i - 14 + 2 = -4*k. What is the remainder when p is divided by i?
0
Let x(f) = -9*f**3 - 2*f**2 - 2*f - 1. What is the remainder when x(-1) is divided by 5?
3
Suppose 2*p - 5 - 1 = 0. Suppose -u = -p - 10. What is the remainder when 25 is divided by u?
12
Suppose 2*z = 2*w + 22, -4*z + 3*w + 15 + 28 = 0. Let m = z + -3. Calculate the remainder when 18 is divided by m.
4
Let v be 6/(-3 + 0) + 104. Suppose 0 = -2*n, n - v = -3*l + l. What is the remainder when l is divided by 13?
12
Suppose 3*y - 18 = -6. Let l(p) = -p**3 + 4*p**2 + 3*p - 3. What is the remainder when 17 is divided by l(y)?
8
Calculate the remainder when 4 + -3*(-82)/6 is divided by 12.
9
Suppose 3*n = 7*n - 4. Suppose w = 15 + n. Suppose -5*q + 9 = -21. What is the remainder when w is divided by q?
4
Suppose 5*q - 4*w = w - 120, -4*q - 96 = 2*w. Let b be 6/(-5)*(-80)/q. What is the remainder when 2 is divided by b/5*15/(-6)?
0
Suppose -f - 3*p + 127 = 0, -2*p - 2*p = f - 130. Calculate the remainder when f is divided by 24.
22
Let k(q) = -q**3 - q + 5. What is the remainder when 28 is divided by k(0)?
3
Calculate the remainder when (8/(-12))/((-242)/(-246) + -1) is divided by 22.
19
Let n(w) = -w**2 - 9*w - 7. What is the remainder when n(-6) is divided by 3?
2
Let z be ((-25)/(-10))/((-1)/(-12)). Calculate the remainder when (z/25)/(2/40) is divided by 13.
11
Let r(x) = -7*x - 6. What is the remainder when 59 is divided by r(-3)?
14
Let h = 400 - 247. Calculate the remainder when h is divided by 26.
23
Suppose -5*h + 2*d = -112, 3*d = -3 - 0. What is the remainder when h is divided by 20?
2
Let s be (-3)/((-6)/56) - 2. Suppose a + a = s. What is the remainder when 49 is divided by a?
10
Let a = 7 - 11. Let s be (-99)/12 - 1/a. What is the remainder when 30 is divided by s/((-6)/4 - -1)?
14
Let z = 60 + -33. Let p = 83 - 58. Suppose 81 = 2*m - p. What is the remainder when m is divided by z?
26
Let n = -6 + 10. Suppose -n*v - u - 3*u + 152 = 0, 5*v = 2*u + 197. What is the remainder when v is divided by 14?
11
Suppose 3*b + 2*o - 210 = 5*o, 0 = -3*b - 4*o + 196. Calculate the remainder when b is divided by 23.
22
Let c(y) = y**2 - 6. Let b(n) = 2*n + 3. What is the remainder when c(7) is divided by b(6)?
13
Let k(z) = 2*z**2 - 4*z + 7. Let w be k(5). Suppose w = 4*s - 3. Calculate the remainder when 19 is divided by s.
9
Let b(v) = -v**3 - 2*v**2 + 2. Calculate the remainder when 28 is divided by b(-3).
6
Let z(l) be the third derivative of l**4/8 - l**3/6 - l**2. What is the remainder when 29 is divided by z(3)?
5
Let t(d) = -d**3 - 4*d**2 + 2*d - 5. Suppose -h - 10 = h. What is the remainder when ((-19)/2)/(2/(-4)) is divided by t(h)?
9
Suppose -182 = -2*m + 5*p - 36, 2*p + 134 = 2*m. Calculate the remainder when m is divided by 23.
17
Let n(m) = m**2 - 5*m - 10. Let k be n(7). Suppose k = -0*s + 2*s. What is the remainder when 39 is divided by 63/6 + s/(-4)?
9
Calculate the remainder when (-2)/(3 + 71/(-23)) is divided by 12.
11
Suppose -313 = -8*k + 135. What is the remainder when 167 is divided by k?
55
Let d(p) = p**3 + 4*p**2 - 8*p - 4. What is the remainder when 54 is divided by d(-5)?
10
Suppose 0*x = -2*x + 8. Suppose y - 6 = -3*o + 2, -x*o - 40 = -5*y. What is the remainder when y is divided by 5?
3
Let g be 110/(-6) - (-24)/18. Let v = 4 - -38. Let f = v + g. Calculate the remainder when f is divided by 13.
12
Suppose -i = -3*k + 71, -2*i = 2 + 2. Calculate the remainder when 68 is divided by k.
22
Suppose 3*z + f + 55 = 4*z, -2*z + f + 110 = 0. Let i(k) = -k + 12. Calculate the remainder when z is divided by i(-7).
17
Suppose -5*k + 18 = m, 0*k + 6 = 3*k - m. Suppose 10 = j - k. Calculate the remainder when 50 is divided by j.
11
Let d be ((-2)/(-6))/((-2)/(-24)). Let y = 19 - d. Wh